5)?
-57
Let j(s) = -s**3 - 9*s**2 - s. Determine j(-9).
9
Let h(n) = -n**3 - 16*n**2 - 17*n - 35. Calculate h(-15).
-5
Let d(m) = -m**3 - 4*m**2 - 6*m + 4. What is d(-5)?
59
Let v(x) = x**2 - 48*x + 286. Determine v(41).
-1
Let g(x) = -16*x**2 + 118*x - 23. Give g(7).
19
Let c(k) = 14*k + 2. What is c(3)?
44
Let d(u) = u**3 + u**2 + u + 5. Calculate d(2).
19
Let k(d) = -5*d + 13. What is k(9)?
-32
Let h(b) = 2*b**3 + b**2 - 2*b - 1. Calculate h(2).
15
Let h(u) = 2*u**3 - u**2 - u - 4. Determine h(0).
-4
Let i(p) = -p**2 - 9*p + 13. Calculate i(7).
-99
Let r(q) = -5*q + 31. Give r(7).
-4
Let z(d) = d**3 + 2*d**2 - 6*d - 5. Calculate z(-3).
4
Let p(o) = -2*o**3 + 62*o**2 - 63*o + 88. Give p(30).
-2
Let m(a) = -7*a - 6. Calculate m(-6).
36
Let w(u) = u**2 + 8*u + 18. Give w(-6).
6
Let a(l) = l**2 + 22*l - 52. What is a(-21)?
-73
Let b(p) = 16*p - 511. Determine b(32).
1
Let b(a) = -8*a - 119. What is b(-15)?
1
Let r(u) = -17*u + 9. Calculate r(-5).
94
Let r(k) = 2*k - 6. Calculate r(7).
8
Let m(j) = -5*j - 74. What is m(-21)?
31
Let n(v) = 7*v + 1. Calculate n(2).
15
Let j(s) = 13*s + 25. Determine j(-6).
-53
Let u(t) = -6*t + 1. Determine u(-1).
7
Let v(s) = s + 8. Calculate v(6).
14
Let w(l) = l**3 - 10*l**2 + 14*l + 10. Give w(8).
-6
Let z(l) = l**3 - 7*l**2 - 3*l + 3. Give z(6).
-51
Let v(y) = y - 8. Give v(7).
-1
Let l(y) = -y**2 + 4*y + 7. What is l(-3)?
-14
Let y(d) = -4*d + 43. Determine y(12).
-5
Let s(o) = -o**3 + 17*o**2 - 31*o + 10. What is s(15)?
-5
Let u(y) = -5*y**2 + 4*y + 10. Determine u(-3).
-47
Let f(z) = -5*z + 34. Calculate f(6).
4
Let i(n) = n**3 - 8*n - 8. What is i(6)?
160
Let o(h) = -h**3 - 9*h**2 + 35*h - 10. Determine o(-12).
2
Let p(h) = h**2 + 2*h + 10. Give p(-7).
45
Let l(b) = -3*b**2 - 30*b - 52. What is l(-7)?
11
Let x(h) = h**3 + 6*h**2 + 3*h - 3. Determine x(-4).
17
Let i(c) = 5*c - 155. What is i(30)?
-5
Let b(x) = 4*x + 111. Determine b(-26).
7
Let f(i) = -i**2 - i + 176. Calculate f(0).
176
Let o(i) = 7*i - 17. What is o(9)?
46
Let g(p) = 2*p**2 - 12*p. Determine g(7).
14
Let i(j) = 2*j**2 - 10*j - 20. Determine i(6).
-8
Let f(c) = 2*c**2 - 14*c - 10. Calculate f(7).
-10
Let z(l) = l**3 - 6*l**2 + 5*l + 11. Determine z(4).
-1
Let f(p) = -4*p - 39. Give f(-8).
-7
Let s(h) = -h**2 - 25*h - 2. What is s(-26)?
-28
Let l(b) = -2*b**2 - 26*b + 13. Determine l(-13).
13
Let t(a) = a**3 - 5*a**2 - 1. What is t(3)?
-19
Let o(g) = -5*g**3 - 2*g**2 - 3*g - 1. Calculate o(-1).
5
Let s(o) = 109*o - 1636. Determine s(15).
-1
Let w(s) = s + 10. Give w(-7).
3
Let l(v) = -23*v + 21. Calculate l(1).
-2
Let g(i) = i**2 + 3*i - 73. What is g(-10)?
-3
Let b(l) = 9*l - 1. Calculate b(2).
17
Let o(z) = -7*z - 34. Give o(-8).
22
Let x(z) = -z**3 + 6*z**2 + 6*z + 21. Calculate x(7).
14
Let b(a) = -a**2 + 3*a + 35. What is b(7)?
7
Let j(x) = -x + 8. What is j(7)?
1
Let i(k) = k**3 + 5*k**2 - 7*k + 8. What is i(-6)?
14
Let y(l) = 15*l + 7. Give y(-6).
-83
Let x(v) = -6*v + 12. What is x(5)?
-18
Let x(h) = h**3 - 21*h**2 + 21*h - 20. Determine x(20).
0
Let m(r) = r**2 + 31*r - 110. Give m(-35).
30
Let p(k) = -5*k**2 + 3*k + 9. Calculate p(-3).
-45
Let g(h) = 3*h - 4. Determine g(13).
35
Let d(x) = -x**3 + 41*x**2 + 40*x + 79. Determine d(42).
-5
Let v(c) = -c**3 + c + 32. What is v(0)?
32
Let r(h) = h**2 + 12*h + 3. Determine r(-10).
-17
Let t(u) = u**2 - 8*u + 5. Determine t(8).
5
Let g(c) = 39*c + 24. Give g(-5).
-171
Let f(i) = -12*i + 148. Determine f(11).
16
Let n(p) = p**3 - 30*p**2 + 29*p - 2. Determine n(29).
-2
Let w(h) = 128*h + 770. Calculate w(-6).
2
Let x(u) = 2*u**2 - 28*u - 2. Calculate x(14).
-2
Let q(d) = d**3 + d**2 - 14*d - 3. Determine q(0).
-3
Let v(q) = -44*q + 17. What is v(5)?
-203
Let j(v) = -2*v**2 + 32*v - 6. Determine j(16).
-6
Let l(o) = -o**3 + 4*o**2 - 2*o - 4. What is l(3)?
-1
Let v(i) = i**3 + 8*i**2 + 12*i - 18. Calculate v(-8).
-114
Let z(h) = -h**3 - 9*h**2 - 2*h + 6. What is z(-9)?
24
Let t(g) = -3*g**2 - 19*g + 16. What is t(-7)?
2
Let o(r) = -r**3 - 4*r**2 + 8*r + 3. What is o(2)?
-5
Let o(h) = 3*h + 32. Calculate o(-7).
11
Let o(x) = 62*x + 293. Calculate o(-5).
-17
Let i(m) = -4*m + 25. Calculate i(12).
-23
Let r(y) = y**2 - 6*y + 19. Determine r(7).
26
Let m(d) = -4*d**2 - 4*d + 10. Determine m(-3).
-14
Let j(q) = -48*q - 253. Determine j(-5).
-13
Let w(l) = -13*l + 4. Determine w(1).
-9
Let s(z) = 2*z**2 + 4*z + 5. Calculate s(-4).
21
Let p(a) = a**3 - 4*a**2 - 9*a + 9. What is p(6)?
27
Let c(a) = 4*a**2 + 41*a - 33. Determine c(-11).
0
Let k(o) = 98*o - 109. Give k(1).
-11
Let l(r) = 14*r + 2. Determine l(-2).
-26
Let d(u) = -6*u + 7. What is d(-3)?
25
Let l(k) = -k**2 + 46. Calculate l(-6).
10
Let o(j) = 4*j + 45. Determine o(-22).
-43
Let g(h) = -h**3 - 13*h**2 + 12*h + 4. Give g(-14).
32
Let w(f) = f - 10. What is w(10)?
0
Let k(w) = -2*w - 49. Determine k(-12).
-25
Let j(n) = 37*n - 261. Determine j(7).
-2
Let b(s) = s**2 + 11*s + 18. Give b(-10).
8
Let o(z) = -z**2 + 5*z - 1. Determine o(3).
5
Let o(r) = -40*r + 11. Give o(1).
-29
Let m(g) = g - 5. Determine m(-3).
-8
Let a(i) = i**3 - 5*i**2 - i - 5. Give a(6).
25
Let j(l) = -12*l - 9. Calculate j(-5).
51
Let q(l) = -l**3 + 25*l**2 - 23*l + 10. Give q(24).
34
Let t(a) = -a**3 + 7*a**2 - 6*a - 5. Determine t(5).
15
Let x(z) = 3*z - 36. What is x(11)?
-3
Let c(v) = -v**3 + 5*v**2 - 23*v + 82. Determine c(4).
6
Let n(d) = d**2 + 37*d + 53. Calculate n(-32).
-107
Let a(t) = -t**3 + 6*t**2 - 5*t - 7. Calculate a(5).
-7
Let y(z) = 27*z - 74. What is y(3)?
7
Let l(b) = -2*b**2 + 4*b + 5. Give l(4).
-11
Let g(x) = -4*x - 63. What is g(-12)?
-15
Let m(f) = -f**2 + 31*f + 4. What is m(31)?
4
Let h(m) = -121*m + 477. Determine h(4).
-7
Let x(m) = 3*m**2 - 8*m + 14. Calculate x(6).
74
Let m(p) = p**2 + 27*p + 31. Determine m(-26).
5
Let t(q) = -q**2 + 10*q - 44. What is t(4)?
-20
Let u(p) = -p**3 - 6*p**2 - 2*p + 16. What is u(-6)?
28
Let w(q) = -q**2 - q + 3. What is w(4)?
-17
Let f(b) = b**3 + 12*b**2 - 4*b - 53. Calculate f(-12).
-5
Let d(o) = o**3 + 5*o**2 - 6*o + 6. Calculate d(-7).
-50
Let t(a) = 68*a - 1031. Determine t(15).
-11
Let t(u) = -u**3 - 24*u**2 + 51*u - 44. Give t(-26).
-18
Let o(d) = -4*d + 16. Give o(2).
8
Let j(f) = 3*f + 23. What is j(-7)?
2
Let d(y) = 19*y + 15. What is d(-1)?
-4
Let h(g) = 4*g + 13. What is h(-6)?
-11
Let v(w) = w. Determine v(17).
17
Let l(x) = -25*x + 45. What is l(2)?
-5
Let j(p) = p**2 + 8*p. Calculate j(-8).
0
Let b(i) = 3*i**2 + 24*i + 1. Calculate b(-7).
-20
Let w(m) = -m**2 + 33. Calculate w(5).
8
Let i(a) = 3*a + 1. Calculate i(-2).
-5
Let f(j) = -14*j + 262. Determine f(20).
-18
Let b(w) = -w**2 + 14*w + 81. Determine b(17).
30
Let r(d) = 15*d + 6. Determine r(-1).
-9
Let y(n) = -6*n - 2. What is y(-4)?
22
Let j(a) = 2*a - 6. Determine j(-5).
-16
Let o(n) = -n**2 - 2*n. Determine o(2).
-8
Let v(a) = a**3 + 4*a**2 - 4*a - 17. What is v(-4)?
-1
Let r(m) = -6*m**2 - 3*m - 3. Determine r(-2).
-21
Let w(n) = -2*n**3 + 27*n**2 - 9*n - 30. What is w(13)?
22
Let j(q) = -65*q**2 - q - 2. What is j(-1)?
-66
Let s(l) = -l**2 + 3*l + 6. Determine s(7).
-22
Let x(g) = g + 7. Determine x(4).
11
Let k(g) = g**2 + 7*g + 5. Determine k(5).
65
Let u(n) = 2*n - 4. Calculate u(-7).
-18
Let n(g) = 45*g**3 + g**2 - 3*g + 2. What is n(1)?
45
Let r(x) = -x**3 + 13*x**2 + 31*x - 20. Give r(15).
-5
Let g(k) = -3*k**3 + 10*k**2. What is g(4)?
-32
Let w(f) = 56*f + 390. What is w(-7)?
-2
Let n(c) = c**2 + 8*c - 5. Determine n(-11).
28
Let m(c) = c**2 + 9*c + 24. Calculate m(-4).
4
Let o(y) = 5*y + 6. What is o(-1)?
1
Let n(i) = 2*i**2 - 7*i + 23. Give n(7).
72
Let q(p) = p**3 - 5*p**2 + 2. Determine q(2).
-10
Let u(y) = y**3 - 13*y**2 + 11*y + 5. What is u(12)?
-7
Let m(z) = -7*z + 6. Determine m(1).
-1
Let c(w) = -w - 34. Give c(-23).
-11
Let q(b) = -b**3 - 6*b**2 - 14*b - 7. Determine q(-5).
38
Let h(o) = -55*o**3 - 3*o**2 - 3*o - 1. Determine h(-1).
54
Let p(g) = -2*g. Give p(-4).
8
Let k(m) = -13*m**3 - 2*m + 1. Calculate k(1).
-14
Let l(c) = -c - 8. What is l(0)?
-8
Let g(z) = z**3 - 8*z**2 + 12*z - 10. What is g(8)?
86
Let u(n) = 3*n**2 - 3*n - 17. Give u(8).
151
Let z(j) = -j**3 + j**2 + 11*j + 6. What is z(-3)?
9
Let y(j) = 6*j - 20. Give y(5).
10
Let r(g) = -7*g + 22. What is r(10)?
-48
Let y(b) = b**3 - 15*b**2 +